- -4. Let r be (2/(-6))/(13/(-195)). Let m(t) = 2*t**2 + 5 - t**3 - r + 4*t - 5*t. Calculate m(z).
-2
Let y(r) be the third derivative of 1/60*r**5 - 3/8*r**4 + 0 + 7*r**2 + 5/3*r**3 + 0*r. Calculate y(7).
-4
Let t(v) = 2*v**2 + 2*v + 1. Let j be t(-1). Let l(p) = -p + 1. Let o(k) = -3*k + 9. Let y(q) = j*o(q) - 4*l(q). Let w = -14 - -11. What is y(w)?
2
Suppose 2*d + 3*d = 3*h - 12, 0 = -4*d - 5*h + 20. Suppose d = 2*c + 3 + 3. Let p(f) = -2*f**2 - 3*f + 4. Give p(c).
-5
Let j(h) = h - 3. Suppose 3*x - 62 = -53. What is j(x)?
0
Let x(z) be the first derivative of -3*z**2 + 1 - 3*z**2 - 2 + z + 5*z**2. What is x(2)?
-3
Let k(n) be the first derivative of n**3/3 + 4*n**2 - 58. Calculate k(-9).
9
Let p(g) = g - 5. Let w be p(7). Suppose -6*o = -w*o + 16. Let x(f) = 3 - 3*f**2 + 0*f - 1 - f**3 + 3*f. Calculate x(o).
6
Let u(q) be the third derivative of q**4/24 - 2*q**3/3 + 2*q**2. Let j(i) = i - 2*i + 3*i - 7 - i. Let m be j(10). Determine u(m).
-1
Let m(w) be the third derivative of -w**6/120 - w**4/24 - 9*w**2. Let n(g) = 5*g**3 + 3*g**2 + 2*g - 4. Let p(o) = -4*m(o) - n(o). Determine p(-4).
12
Let x(m) = -2*m**2 + 4*m - 1. Let b(j) = -j + 1. Let g be b(5). Let f(k) = -k - 1. Let l be f(g). Suppose -l*s + o + 4 = -0*o, -30 = -5*s - 3*o. What is x(s)?
-7
Let l(f) be the third derivative of 0*f + 10*f**2 - 1/60*f**5 + 0 - 1/24*f**4 - 1/120*f**6 + 1/6*f**3. Determine l(0).
1
Let r be (-2 - (1 - 3)) + 2. Let z(j) = -j**3 + 4*j**2 + j - 1. Let x be z(4). Let l(t) = t**2 + 2*t + 0*t**2 - x*t. Give l(r).
2
Suppose -2*k - 4*p = -9*p, -5*k - 2*p = 0. Let q(y) be the second derivative of y**4/12 - y**3/6 - y**2 - 33*y. What is q(k)?
-2
Let v(h) = 2*h + 3. Let t be (-2)/(-4)*32/(-8). Let z(d) = -d**2 - 9*d - 14. Let o(u) = t*z(u) - 11*v(u). Determine o(4).
11
Let t(s) = -s**3 + 3*s - 3. Let p be t(2). Let h(q) be the third derivative of -q**5/60 - q**4/4 - 2*q**3/3 - 4*q**2. Give h(p).
1
Let d(x) = -4*x. Let y(b) = -11*b. Suppose -23 = j - 5*c, -5*c + 15 = -0*c. Let n(g) = j*d(g) + 3*y(g). Determine n(1).
-1
Let b(k) = k**3 - k**2 + 1. Let i = 5 + -3. Let g = -2 - i. Let a be (4 + g)/(0 + 1). Give b(a).
1
Let z(m) = -m**2 - m + 1. Suppose -f - 4*f = -50. Let n = f - 16. Let c be -5*(0 - n/10). What is z(c)?
-5
Let z = 0 - -2. Let k(j) = j - z*j**2 + 2*j**2 + 1 - j**2 - 4. Calculate k(0).
-3
Let d be (-16)/(-12)*(-6 + 0). Let a = d + 11. Let y(h) = -2*h - 4*h - 2*h + 6*h - 1. Determine y(a).
-7
Let i(c) = -c**3 + 9*c**2 + 10*c + 3. Let m be i(10). Let l(w) = 5*w - 3 + 0 + w**m + 6*w**2 + 0 - 3. Determine l(-5).
-6
Let h(l) = -3*l + 3 - 3 + 4. Let p be h(3). Let q(t) = -3*t**2 + 2*t - 4. Let f(y) = y**2 - y + 1. Let v(x) = 17*f(x) + 6*q(x). Give v(p).
-7
Let v be (-2)/(-4)*-4 + 4. Let c(t) = 2*t**v + 46 + 2*t**3 - 47 + t - 4*t**3. Calculate c(2).
-7
Let d(q) be the third derivative of q**4/24 + 5*q**3/6 - q**2. Let n(b) = b**2 + 12*b - 13. Let g be n(-13). Give d(g).
5
Let o(v) = -v - 13. Let p be o(-12). Let z(y) = -9*y**3 + 2*y**2 - 1. Determine z(p).
10
Let x(y) = -y**2 + 6*y - 4. Let k be 86/(-6) - (-1)/3. Let s be 4/k - (-111)/21. Give x(s).
1
Let s(n) = -6*n - 1. Let q(a) = 12*a + 1. Let f(k) = 4*q(k) + 7*s(k). Determine f(3).
15
Let q(l) = -5*l**2 + 3*l**2 - 1 - 2*l**3 + 4*l**2. What is q(2)?
-9
Let m(i) = -20*i**3 - 29*i**2 - 2*i - 32. Let h(o) = -7*o**3 - 10*o**2 - o - 11. Let c(p) = -17*h(p) + 6*m(p). Calculate c(-5).
-5
Let i(k) = -k**3 - 6 - 5*k - 7*k**2 - 7 - 3*k + 5. What is i(-6)?
4
Let i(k) = -2*k + 2 - 3 + 2. What is i(-2)?
5
Let u = 39 - 43. Let x(f) = -2*f - 4. What is x(u)?
4
Let k(g) = -g**2 + 1. Let x(u) = u - 3. Let n(f) = f - 5. Let y(p) = 3*n(p) - 5*x(p). Let j be y(-1). What is k(j)?
-3
Let z(g) = -7 + 4*g + 14 + 0*g - g**2. Determine z(6).
-5
Let f(r) = r**3 + 9*r**2 - 10*r + 3. Let i be f(-10). Suppose 4*q - i = -7. Let a be (2 - 0)*q/(-2). Let h(k) = -6*k**2 + k. Give h(a).
-5
Let x(q) = q - 1. Suppose -3*y = 2*y - 35. Calculate x(y).
6
Let u(w) be the third derivative of -w**6/120 - w**5/12 + 2*w**3/3 + 2*w**2. Suppose 31 - 11 = -4*o. What is u(o)?
4
Let c(b) = -7*b**3 - 13*b**2 - 3*b + 3. Let k(q) = 6*q**3 + 12*q**2 + 3*q - 2. Let h(m) = 5*c(m) + 6*k(m). Calculate h(-6).
21
Let a(d) = 2*d + 7. Let w(y) = -y - 1. Suppose -3 + 2 = m. Let l(x) = m*a(x) - 6*w(x). Give l(-1).
-5
Let j(u) = u**3 + 5*u**2 - 7*u - 7. Suppose k - 4*y - 2 = -1, -4*k - 2*y - 50 = 0. Let h = 5 + k. Give j(h).
-1
Let v(t) = 2*t**3 - t**2 + 13*t - 7. Let s be 6*1/(-8)*4. Let b(o) = o**3 - o**2 + 6*o - 3. Let a(p) = s*v(p) + 7*b(p). Give a(2).
-2
Suppose 5 = -5*l - 5*w, -l - 4*w - 7 = -0*w. Let m(b) = 3*b**2. Let x be m(l). Let s(u) = u**3 - 5*u**2 + 3*u + 3. Determine s(x).
-6
Let x(p) = -11*p**2 + 1. Let h = 5 + -4. Calculate x(h).
-10
Let y(g) = -g**2 + 6*g + 7. Let i be y(7). Let a(s) be the first derivative of s**4/4 - s**2/2 + 10*s + 2. Give a(i).
10
Suppose 2*r + 2*o = 4, 2*o - 8 = -4*r - 0*r. Let h(b) be the second derivative of 0 + 1/3*b**3 - 3*b - b**r. Give h(4).
6
Let m(h) = -h**3 - 9*h**2 + 12*h + 17. Let f be m(-10). Let y(j) = 1. Let g(c) = -c. Let o(k) = -g(k) + 2*y(k). What is o(f)?
-1
Let v be (-3 + 2)*-7 - 1. Let z(x) = -2*x**2 - 4*x + 6. Let c(n) = n**2 + 5*n - 7. Let q(k) = 3*c(k) + 2*z(k). What is q(v)?
-3
Let q(t) = t + 6. Let i(l) = -3*l - 13. Let f(c) = 3*i(c) + 7*q(c). What is f(3)?
-3
Let l(c) = c**3 + 21*c**2 - 45*c + 30. Let y be l(-23). Let k(b) = 3*b + 1. Determine k(y).
22
Let c(r) = 2*r + 1. Let h(g) = -g - 2. Let a be h(-4). Let b(u) = -2*u**a - 5*u + 17*u - 13*u. Let j be b(-1). Calculate c(j).
-1
Let r(x) = -3 + 1 + x + 0. Suppose 0 = 17*z - 22*z + 25. Determine r(z).
3
Let x(f) be the first derivative of -7*f**4/4 + f**2/2 + f - 1. Suppose 3*j - 2*w = -13, -3*j = -8*j - 5*w + 20. Calculate x(j).
7
Let k be 30/9*9/(-6). Let h(j) = -j**3 - j**2 - j + 1. Let t(s) = -6*s**3 - 2*s**2 - 3*s. Let x(w) = k*h(w) + t(w). Give x(4).
-13
Let m = 0 - -2. Let v(a) = 4*a + 2*a**2 - 5*a + 12*a**2 - 3*a**m. What is v(1)?
10
Let z be ((-3)/(-2))/(15/50). Let t(s) = 3*s + 4. Let r(p) = 2*p + 2. Let j(q) = 5*r(q) - 3*t(q). Let g be j(z). Let x(b) = b**2 - 4*b. Calculate x(g).
-3
Let f be (-3 - (0 - 0))/(2/(-2)). Let r(b) be the third derivative of 3*b**2 - 1/2*b**f + 0 - 1/12*b**4 - 1/120*b**6 + 0*b - 1/30*b**5. Determine r(-2).
1
Let g(h) = 3 + 3 + 4*h**2 - 2*h - 7. Let y(c) = c**3 + 6*c**2 + 5*c + 29. Let o be y(-6). Determine g(o).
5
Let g(a) = 3 - a + 4 + 2*a - 1. Let c be -2*((-3)/(-6))/1. Let z be ((-5)/15)/(c/(-9)). Determine g(z).
3
Suppose 3*l - 8*l = -15. Suppose 0 = l*a - 0*a - 3*d - 6, 0 = a - 4*d + 4. Let r(c) = c**3 + 5*c**2 - a*c + 2*c - 2*c**3. What is r(4)?
8
Let p(m) = 2*m**2 - m. Suppose 0 = 5*a + 5, -3*x + 3*a + 3 = -9. Suppose -4*t = f + 1, -x*f - 3*t + 10 = -4*t. Suppose f*c + 2*c = 10. Give p(c).
6
Let q(u) be the first derivative of -u**3/3 + u**2/2 + 2*u - 7. Determine q(-2).
-4
Let p(o) = o + o + 6*o**2 + 0*o - 1 - 2*o**2. What is p(1)?
5
Let h(w) be the third derivative of -1/60*w**5 + 0*w + 3*w**2 + 0 - 2/3*w**3 + 1/8*w**4. What is h(3)?
-4
Let y(o) = 2*o**3 + 1. Suppose f - 4*f - 3*n + 18 = 0, 3*n = 3*f + 12. Suppose 2*z + f = 3. Calculate y(z).
3
Let a(y) = -y**2 - 5*y - 2. Suppose -4*v = 2*v - 90. Suppose -2*d = -5*d - v. Give a(d).
-2
Let v(p) = p**3 + p**2 - 7*p - 1. Let l(a) = -5*a**3 - 4*a**2 + 36*a + 4. Let j(w) = 2*l(w) + 11*v(w). Let u = -12 + 8. Give j(u).
1
Let f(n) = n**2 - 2*n - 9. Let p be f(-4). Let v = p - 19. Let s(h) = 2*h - 3 + h**2 - 3 + 3. What is s(v)?
5
Let g be (-2 + 2)/(-4 - -1). Let c(z) be the second derivative of z**5/20 - z**3/6 + 11*z**2/2 + z. Give c(g).
11
Let b be (-8)/6 - ((-980)/15)/7. Let t(h) = h**2 - 6*h - 11. Give t(b).
5
Let d be (-6)/6 - (-2)/2. Suppose -6 = -2*h - d*h. Let v(s) = -s - 30 + 30. Give v(h).
-3
Let x(g) = 3*g + 0*g + g**2 + 3 - 2*g**2 + 0*g. Calculate x(-2).
-7
Let b(g) = -g - 8 + 6 + 3. What is b(8)?
-7
Suppose -5 = -p - 2. Let y = 9 + -15. Let h(m) = 7*m - 9. Let u(i) = -20*i + 26. Let f(q) = y*u(q) - 17*h(q). Determine f(p).
0
Let w(u) = -u**2 - 3*u + 3. Let m be (-12)/(-18)*(-18)/4. Let o be w(m). Let r(g) = 0*g + 3 - g**2 + o + 4*g. Calculate r(5).
1
Suppose 0 = -5*x + 2*x - 9. Let t = 6 + x. Suppose q - 6 = t*v, 0 + 12 = 5*q + 3*v. Let m(j) = j**2